ainder when 303601 is divided by 17.
15
What is the remainder when 566494 is divided by 16?
14
Calculate the remainder when 740827 is divided by 7.
3
What is the remainder when 1851 is divided by 843?
165
What is the remainder when 6134049 is divided by 29?
27
What is the remainder when 39551 is divided by 1353?
314
Calculate the remainder when 3034 is divided by 615.
574
What is the remainder when 48193 is divided by 2083?
284
Calculate the remainder when 33317 is divided by 11085.
62
Calculate the remainder when 50554 is divided by 250.
54
What is the remainder when 7089 is divided by 33?
27
What is the remainder when 8914 is divided by 406?
388
What is the remainder when 112175 is divided by 664?
623
Calculate the remainder when 433485 is divided by 15481.
17
Calculate the remainder when 215234 is divided by 14.
12
What is the remainder when 7578 is divided by 2509?
51
What is the remainder when 13406 is divided by 2233?
8
Calculate the remainder when 28554 is divided by 9505.
39
Calculate the remainder when 25725 is divided by 525.
0
What is the remainder when 46198 is divided by 210?
208
Calculate the remainder when 6779 is divided by 154.
3
Calculate the remainder when 2184015 is divided by 347.
344
Calculate the remainder when 1592 is divided by 900.
692
Calculate the remainder when 750 is divided by 63.
57
What is the remainder when 165757 is divided by 70?
67
Calculate the remainder when 19037 is divided by 18850.
187
Calculate the remainder when 86269 is divided by 872.
813
Calculate the remainder when 12745 is divided by 17.
12
What is the remainder when 407906 is divided by 61?
60
What is the remainder when 1279487 is divided by 168?
167
What is the remainder when 10375 is divided by 456?
343
Calculate the remainder when 1052 is divided by 357.
338
Calculate the remainder when 3185 is divided by 88.
17
Calculate the remainder when 204801 is divided by 54.
33
What is the remainder when 177424 is divided by 35?
9
Calculate the remainder when 190553 is divided by 30.
23
Calculate the remainder when 110492 is divided by 16.
12
Calculate the remainder when 12627 is divided by 2020.
507
Calculate the remainder when 245049 is divided by 58.
57
Calculate the remainder when 8621 is divided by 628.
457
Calculate the remainder when 3221 is divided by 413.
330
What is the remainder when 949 is divided by 325?
299
Calculate the remainder when 314068 is divided by 361.
359
Calculate the remainder when 900 is divided by 82.
80
Calculate the remainder when 2080 is divided by 36.
28
Calculate the remainder when 3030 is divided by 122.
102
Calculate the remainder when 392288 is divided by 1437.
1424
What is the remainder when 1358 is divided by 516?
326
What is the remainder when 441397 is divided by 402?
1
What is the remainder when 42039 is divided by 2335?
9
What is the remainder when 100883 is divided by 909?
893
What is the remainder when 355183 is divided by 19?
16
What is the remainder when 821 is divided by 667?
154
What is the remainder when 28342 is divided by 840?
622
Calculate the remainder when 325489 is divided by 269.
268
Calculate the remainder when 38349 is divided by 2132.
2105
Calculate the remainder when 48222 is divided by 88.
86
What is the remainder when 7592 is divided by 1238?
164
Calculate the remainder when 353182 is divided by 129.
109
What is the remainder when 1358 is divided by 165?
38
What is the remainder when 80384 is divided by 522?
518
What is the remainder when 1543 is divided by 244?
79
Calculate the remainder when 13262 is divided by 684.
266
Calculate the remainder when 1121 is divided by 323.
152
What is the remainder when 407861 is divided by 378?
377
What is the remainder when 30793 is divided by 354?
349
Calculate the remainder when 18866 is divided by 178.
176
Calculate the remainder when 1391904 is divided by 1245.
1239
Calculate the remainder when 108404 is divided by 165.
164
Calculate the remainder when 7813 is divided by 1769.
737
What is the remainder when 121699 is divided by 359?
357
What is the remainder when 1203 is divided by 221?
98
Calculate the remainder when 6482 is divided by 46.
42
Calculate the remainder when 58429 is divided by 372.
25
Calculate the remainder when 390 is divided by 25.
15
Calculate the remainder when 235889 is divided by 18.
17
What is the remainder when 5737 is divided by 1360?
297
What is the remainder when 7493 is divided by 326?
321
Calculate the remainder when 42327 is divided by 115.
7
What is the remainder when 2620 is divided by 1219?
182
What is the remainder when 913 is divided by 10?
3
What is the remainder when 260 is divided by 111?
38
What is the remainder when 4202 is divided by 204?
122
Calculate the remainder when 20267 is divided by 129.
14
What is the remainder when 39374 is divided by 5623?
13
Calculate the remainder when 75107 is divided by 229.
224
What is the remainder when 809 is divided by 175?
109
Calculate the remainder when 345 is divided by 11.
4
Calculate the remainder when 8689 is divided by 4301.
87
What is the remainder when 21239 is divided by 45?
44
Calculate the remainder when 8139 is divided by 20.
19
What is the remainder when 718 is divided by 89?
6
What is the remainder when 50951 is divided by 91?
82
What is the remainder when 6521 is divided by 306?
95
What is the remainder when 174418 is divided by 24911?
41
Calculate the remainder when 1373 is divided by 159.
101
Calculate the remainder when 3815 is divided by 9.
8
Calculate the remainder when 8046 is divided by 15.
6
Calculate the remainder when 8976 is divided by 39.
6
Calculate the remainder when 242244 is divided by 428.
424
What is the remainder when 58764 is divided by 365?
364
Calculate the remainder when 49135 is divided by 9822.
25
Calculate the remainder when 71536 is divided by 69.
52
What is the remainder when 968 is divided by 139?
134
Calculate the remainder when 36099 is divided by 81.
54
Calculate the remainder when 5179 is divided by 2587.
5
Calculate the remainder when 6602 is divided by 1648.
10
What is the remainder when 55292 is divided by 1455?
2
Calculate the remainder when 573195 is divided by 14329.
35
What is the remainder when 1128 is divided by 214?
58
What is the remainder when 2007 is divided by 105?
12
Calculate the remainder when 589 is divided by 501.
88
Calculate the remainder when 122189 is divided by 13.
2
Calculate the remainder when 42572 is divided by 1465.
87
Calculate the remainder when 593274 is divided by 32.
26
Calculate the remainder when 11180006 is divided by 28.
26
What is the remainder when 22359 is divided by 5485?
419
Calculate the remainder when 3999 is divided by 23.
20
What is the remainder when 106503 is divided by 85?
83
Calculate the remainder when 2657 is divided by 636.
113
What is the remainder when 1182 is divided by 1167?
15
Calculate the remainder when 151395 is divided by 463.
457
Calculate the remainder when 596669 is divided by 5.
4
Calculate the remainder when 193794 is divided by 343.
342
What is the remainder when 113522 is divided by 475?
472
Calculate the remainder when 692073 is divided by 47.
45
What is the remainder when 4598205 is divided by 576?
573
Calculate the remainder when 1158 is divided by 413.
332
Calculate the remainder when 3519827 is divided by 39.
38
Calculate the remainder when 121054 is divided by 17290.
24
What is the remainder when 3657 is divided by 461?
430
Calculate the remainder when 249349 is divided by 82.
69
Calculate the remainder when 41496 is divided by 3769.
37
Calculate the remainder when 46333 is divided by 46317.
16
What is the remainder when 39649 is divided by 9912?
1
What is the remainder when 4180 is divided by 27?
22
What is the remainder when 128224 is divided by 122?
2
Calculate the remainder when 43064 is divided by 6.
2
Calculate the remainder when 19119 is divided by 3815.
44
What is the remainder when 7820 is divided by 2566?
122
What is the remainder when 64208 is divided by 9?
2
What is the remainder when 1595316 is divided by 87?
84
Calculate the remainder when 4925 is divided by 4879.
46
Calculate the remainder when 3467 is divided by 6.
5
Calculate the remainder when 13205 is divided by 70.
45
What is the remainder when 69322 is divided by 4070?
132
Wh